2 - i. Let p be 51/(-34)*(-5 - -1) - -1. Suppose -p*x - 5*x = 12. Give t(x).
5
Let o(w) = w**3 - 12*w**2 + 10*w + 16. Let a(n) = -5*n**3 + 155*n**2 - 9*n + 289. Let i be a(31). Give o(i).
-84
Let l(k) = -3*k**2 + 8*k - 5. Let x be l(6). Let g = x + 84. Let p(r) = 1 - g*r**2 + 13*r**2 + 4*r + 5*r**2. Calculate p(4).
1
Let h(w) = -9*w + 16. Let s = 947 + -936. What is h(s)?
-83
Let g(i) = -19*i - 210. Let p be g(-11). Let k(t) = -50*t**3 - t**2 + t + 1. Give k(p).
49
Let h(u) = -u**3 - 7*u**2 + 3*u + 1. Let z(i) = i**3 + i**2. Let d(v) = h(v) + 2*z(v). Let x = -74 + 77. Let k be d(x). Let r(p) = -p - 3. What is r(k)?
5
Let d(m) = -63*m - 6. Let o(g) = -26*g - 3. Let x(i) = -3*d(i) + 7*o(i). Suppose -a - 3*a = -8. Give x(a).
11
Let w be (25 - (-1 - -8))*1/2*1. Let z(o) = -o**3 + 7*o**2 + 12*o - 16. Determine z(w).
-70
Let w(q) = -16*q**2 + 26*q - 139. Let j(f) = 5*f**2. Let z(n) = 3*j(n) + w(n). Give z(8).
5
Suppose 3*m - i + 56 = 57, -2*i + 8 = -m. Let a(s) = 18*s - 4. What is a(m)?
32
Let o(j) = -10*j + 14 - 9 - 4*j**2 + 12*j. Let a be o(2). Let w(h) = -h**3 - 7*h**2 - 3*h - 2. Give w(a).
19
Let h(m) = m**3 - 2*m - 4. Let f(j) = j + 1. Let k(t) = -4*f(t) - h(t). Let v = -6 - -4. What is k(v)?
12
Let u(a) = 2*a**2 - 17*a. Let p(r) = -3*r**2 + 18*r. Let t(q) = -3*p(q) - 4*u(q). Let d be t(-12). Let x = 24 + d. Let n(i) = i - 6. What is n(x)?
-6
Let x(g) be the first derivative of 6*g + 1/3*g**3 + 5/2*g**2 - 101. Calculate x(-4).
2
Let d(v) = 5*v**2 + 49*v. Let i(l) = 15*l**2 + 139*l. Let z(h) = -17*d(h) + 6*i(h). Give z(-1).
4
Let t(o) = -2*o**3 + 8*o**2 - 9*o + 3. Let z be 69 + -74 + 0 + 8. Calculate t(z).
-6
Let h(s) be the third derivative of -1/12*s**4 + 1/6*s**3 - 2*s**2 - 1/15*s**5 + 0 + 0*s. Suppose -5*d - 18 = 4*v, -22*d + 2*v + 10 = -24*d. Give h(d).
-19
Let q(g) be the third derivative of 29*g**4/24 - 67*g**3/2 - 2*g**2 + 7*g + 40. Determine q(6).
-27
Suppose 7*o + 972 = 1021. Let t(u) = o*u - 9 + 38 + u**2 - 15 - 12. Give t(-5).
-8
Let j be 10*(-10)/(-25)*1. Let z(g) = -3*g**2 - 4*g + 6. Give z(j).
-58
Let v(n) = 4 + 690*n**2 + 684*n**2 + 2*n**3 - 2063*n**2 + 686*n**2 - 4*n. What is v(2)?
0
Let o(k) = k**3 - 19*k**2 + 22*k + 29. Let v(r) = 2*r**3 - r**2 + r - 3. Let l(q) = -o(q) + v(q). Determine l(-19).
6
Let r(u) = 0*u**3 + 5*u**2 - 2*u - u**3 - u - 6. Let a be r(3). Let q(f) = 7 - 3 + 5*f**2 - a*f - f**3 - f. Determine q(4).
4
Let b(k) be the first derivative of -3*k**2 - 1/3*k**3 - 8*k - 73. Give b(-6).
-8
Let h be (-3)/(-2)*19/(741/(-416)). Let b(a) = -11*a - 2. Let i(c) = 58*c + 10. Let q(x) = h*b(x) - 3*i(x). What is q(6)?
14
Let h(c) = -18*c - 75. Let x be h(-4). Let a(o) = -7*o**3 - 2*o**2 + 5*o + 9. Let b(u) = 4*u**3 + u**2 - 2*u - 4. Let y(i) = x*a(i) - 7*b(i). Calculate y(1).
-8
Let h(r) be the first derivative of -r**2 - 47*r - 529. Give h(0).
-47
Let u be 5/3 + (-4)/6. Let z(p) = -10*p**2 + 7*p - 1. Suppose 0 = -9*g - 99 + 36. Let v(s) = -9*s**2 + 6*s - 1. Let q(r) = g*v(r) + 6*z(r). Determine q(u).
4
Let k(n) = 10*n**3 - 2*n**2 - 32. Let m(p) = -7*p**3 + p + 26. Let t(v) = 2*k(v) + 3*m(v). Give t(-3).
-4
Let k(c) = -24*c - 1. Let r be k(-1). Suppose 2*t + a - r = -0*a, -t + 7 = -a. Let s(b) = b - 575328 + 575330 - b + b. Give s(t).
12
Let s(t) = -13*t - 143. Let a(h) = -13*h - 107. Let b(r) = 4*a(r) - 3*s(r). Let d(m) = m + 4. Let u be d(-5). Give b(u).
14
Let p(w) = w**3 - 13*w**2 + 10*w + 25. Let m(b) = -2*b**2 - 93*b - 366. Let c be m(-42). What is p(c)?
1
Let x(i) be the first derivative of 8/3*i**3 + 1/4*i**4 + 8*i - 1/2*i**2 - 73. Calculate x(-8).
16
Let b(u) = u**2 - 2*u - 3. Let r(o) be the third derivative of -5*o**4/24 + 29*o**3/6 + 5*o**2. Let p be r(5). Calculate b(p).
5
Let u(l) = -7*l**3 + 2*l - 1. Let q be (1 - -1) + (28 - 29). Determine u(q).
-6
Let t(v) = v**3 + 2*v**2 - v + 1. Let i be (4/6)/((-33)/18 - -2). Let m(u) = -3*u**3 - 18*u**2 + 5*u - 6. Let s(w) = i*t(w) + m(w). Calculate s(10).
8
Let a(p) be the second derivative of -3*p**2 + 2/3*p**4 - 7 - 1/20*p**5 - 5*p - p**3. Give a(7).
1
Suppose 3*f - 113 = 5*g + 6*f, -4*f = 4. Let m be (g/(-1))/(3 - 1). Let v(o) = -o + 10. Calculate v(m).
-1
Let n(j) be the third derivative of -j**5/60 - j**4/4 - j**3 - 34*j**2 - 2*j. Calculate n(-3).
3
Let g(q) = -q + 9. Let d be ((-5)/20*0*1)/5. Suppose -8*n + 7*n + 6 = d. Give g(n).
3
Let v(d) = 41*d - 7. Let i be (-60)/(-27)*-1 + (-12)/(-54). Let g(l) = -8*l + 1. Let q(k) = i*v(k) - 11*g(k). Give q(-4).
-21
Let p(i) = i**3 - 43*i**2 - 47*i + 136. Let j = -5462 - -5506. Determine p(j).
4
Let n(t) be the second derivative of 1/3*t**4 - 2*t - 1/20*t**5 - 1/3*t**3 - 10 + 0*t**2. Determine n(3).
3
Let j(r) = 24*r - 63. Let a be j(3). Let f(v) = -9*v + 75. Calculate f(a).
-6
Let m(d) = 300*d + 682. Let y(x) = 50*x + 105. Let v(q) = -2*m(q) + 13*y(q). Give v(1).
51
Let l(g) = -g**3 - 4*g**2 + 9*g + 1. Let t be l(-6). Let y(b) = -2*b**3 + 39*b**2 - 17*b - 32. Let p be y(t). Let s(n) = -n**2 + n - 7. What is s(p)?
-37
Let i(p) = 2*p - 47. Let r(o) = -o + 23. Let f(n) = 6*i(n) + 13*r(n). Suppose 0 = b + 17*c - 14*c - 1, 5*b - 85 = 5*c. Give f(b).
4
Let i be 20/6*(-108)/(-30). Suppose -4*f + 18 = 4*y + f, 2*f - i = -4*y. Let l(m) = -513*m + 513*m + 1 - 6*m**y. Give l(-1).
-5
Let k = 11443 + -11422. Let l(i) = i**2 - 25*i + 32. Give l(k).
-52
Let h(i) = i**3 - 14*i**2 + 6*i + 5. Let g(q) = -2*q**2. Let v = -97 + 100. Let u(s) = v*g(s) - h(s). Determine u(7).
2
Suppose -34*q + 48*q - 24 = -38. Suppose 4*r + 3 = -w + 1, 3*w + r - 5 = 0. Let t(v) = -2*v**w + 4*v**2 + v + 7*v**2. What is t(q)?
8
Let i(p) = p**3 + 3*p**2 + 8*p - 8. Let s(b) = b**3 + b - 1. Let c(m) = -i(m) + 2*s(m). Let v(n) = n**3 - 6*n**2 - 31*n + 40. Let k be v(9). Give c(k).
-2
Let l(s) = 49*s**2 - 50*s**2 - 27 - 2 - 14*s. Let b be l(-3). Let v(z) = -29*z + 1. Let r(i) = -4*i. Let t(n) = -28*r(n) + 4*v(n). Calculate t(b).
-12
Let v(i) = i**2 + i + 1. Let g(o) be the first derivative of 23*o**2/2 - 234*o - 33. Let u be g(10). Calculate v(u).
13
Let v(c) = -c - 8. Let w be v(-5). Let u(z) = -7*z**2 + 3*z. Let f(s) = -18*s**2 + 6*s - 1. Let g(b) = 2*f(b) - 5*u(b). What is g(w)?
-2
Let a = -9382 - -9379. Let g(b) = -12*b - 32. Give g(a).
4
Suppose -10*a = -267 - 53. Suppose 39*d - a*d = 28. Let w(p) = p**3 - 3*p**2 - 6*p + 3. Give w(d).
-5
Let m be (-171)/81 - 30/(-27). Let b(x) = -14*x - x - 214 + 213. What is b(m)?
14
Let s(q) = 3 + 8 + 1 + q**2 + 5*q**3 - 2*q**3 - 10. Let b be 3/((6/(-4))/1). Determine s(b).
-18
Let y(v) = -2*v**2 - 120*v + 789. Let f be y(-66). Let l(x) = -1 + 2*x - 5 + 5. What is l(f)?
-7
Let l(q) = q**2 - 3*q - 3. Let y(f) = f**2 - 2*f - 1. Suppose -11*n + 30 = 8. Let h(s) = n*l(s) - 3*y(s). What is h(0)?
-3
Let d = 413 - 1026. Let q = d + 611. Let w(j) be the first derivative of 3*j**2/2 - 1. Calculate w(q).
-6
Let m(y) = -66 + 112 + 2*y - 54 - 3*y. Let a(l) = -5*l - 39. Suppose -3*i + 15 = 3*s, -2*s = -i + 2 - 3. Let k(h) = s*a(h) - 11*m(h). Determine k(-7).
3
Let h be (0 - -2 - 1)*(2 - 0). Let a be (7/(-4))/(h/(-8)). Let s(n) = 2*n**2 + 4 + 2 + 4*n**2 - a*n + 0*n**3 - n**3. Calculate s(4).
10
Let o be ((-2)/(-3))/(1/6). Let z(q) = 0 - 2 + 3*q**3 + 4*q**2 - 4*q**3 - o*q + 3*q**2. Let g be (-2 + 1)/((-36)/45 - (-38)/60). Determine z(g).
10
Suppose 146 = -6*v + 182. Let s(u) = -8 + 11*u**2 + 10*u + 4 + 3*u - u**3 - v. Calculate s(12).
2
Let b(p) = -50*p**2 - 11*p + 62. Let f(g) = -57*g**2 - 11*g + 62. Let n(w) = -8*b(w) + 7*f(w). Calculate n(4).
-2
Let n = -25 + 30. Let d(a) be the third derivative of a**6/120 - a**5/12 - a**4/24 - 5*a**3/6 - 4552*a**2. Calculate d(n).
-10
Let m(k) be the second derivative of -k**4/12 - 3*k**3 + 23*k**2 + 507*k. Determine m(-20).
6
Let o(s) = -s**2 + 9*s + 5. Let l(h) = -9*h**3 - 2*h**2 + 4*h + 7. Let r be l(-1). Calculate o(r).
-5
Let a(d) = d**2 - 11*d + 1. Let l = -123 - -135. Let m = -1 + l. Determine a(m).
1
Let a be (4/(-6))/(4/18). Let x = 1 + a. Let f(h) = -25*h + 11. Let l(q) = 28*q - 13. Let y(r) = 8*f(r) + 7*l(r). Give y(x).
5
Let w be (4 + (-2 - -78))*-3. Let y = -243 - w. Let a(i) = 6*i - 2. Determine a(y).
-20
Let x be ((-10)/(-12))/((-209)/66 + 3). Let q(g) = 3*g**2 + 5*g - 20. Determine q(x).
30
Let n(r) = -2*r - 33. Let b(u) = -24*u - 185. Let c(m) = -b(m) + 6*n(m). Give c(-1).
-25
Let 